{"id":2209,"date":"2023-06-21T15:29:16","date_gmt":"2023-06-21T15:29:16","guid":{"rendered":"https:\/\/mllfontindustria4.site\/?page_id=2209"},"modified":"2023-06-23T15:49:47","modified_gmt":"2023-06-23T15:49:47","slug":"gestion-publica-digital-e-inteligente","status":"publish","type":"page","link":"https:\/\/mllfontindustria4.site\/index.php\/gestion-publica-digital-e-inteligente\/","title":{"rendered":"GESTI\u00d3N P\u00daBLICA DIGITAL E INTELIGENTE"},"content":{"rendered":"\n<div class=\"wp-block-uagb-container uagb-block-78985820 alignwide uagb-is-root-container\"><div class=\"uagb-container__shape uagb-container__shape-top\"><svg xmlns=\"https:\/\/www.w3.org\/2000\/svg\" viewBox=\"0 0 937.5 120\" preserveAspectRatio=\"none\"><path class=\"uagb-container__shape-fill\" d=\"M937.5,124.3V0H0v124.3C0,100.8,227.4,2.9,578.9,4.1C926.9,0.3,937.5,100.4,937.5,124.3z\"><\/path><\/svg><\/div><div class=\"uagb-container__shape uagb-container__shape-bottom uagb-container__invert\" data-negative=\"false\"><svg xmlns=\"https:\/\/www.w3.org\/2000\/svg\" viewBox=\"0 0 2600 131.1\" preserveAspectRatio=\"none\"><path class=\"uagb-container__shape-fill\" d=\"M0 0L2600 0 2600 69.1 0 0z\"><\/path><path class=\"uagb-container__shape-fill\" opacity=\"0.5\" d=\"M0 0L2600 0 2600 69.1 0 69.1z\"><\/path><path class=\"uagb-container__shape-fill\" opacity=\"0.25\" d=\"M2600 0L0 0 0 130.1 2600 69.1z\"><\/path><\/svg><\/div>\n<div class=\"wp-block-uagb-container uagb-block-be11d723\">\n<div class=\"wp-block-uagb-container uagb-block-4d3373a8\">\n<div class=\"wp-block-uagb-info-box uagb-block-0f9632f0 uagb-infobox__content-wrap  uagb-infobox-icon-above-title uagb-infobox-image-valign-top\"><div class=\"uagb-ifb-content\"><div class=\"uagb-ifb-title-wrap\"><h3 class=\"uagb-ifb-title\">Enfoque<\/h3><\/div><div class=\"uagb-ifb-separator\"><\/div><p class=\"uagb-ifb-desc\">La <strong>gesti\u00f3n p\u00fablica digital <\/strong>adopta&nbsp; una nueva concepci\u00f3n de las tecnolog\u00edas digitales como elemento b\u00e1sico de la transformaci\u00f3n del sector p\u00fablico. Es <strong>inteligente<\/strong> porque aprovecha los datos, informaci\u00f3n y conocimiento como activos para optimizar los servicios p\u00fablicos, brindar experiencias de servicios integrados y proactivos y la co-creaci\u00f3n de pol\u00edticas p\u00fablicas para producir valor p\u00fablico<\/p><\/div><\/div>\n<\/div>\n\n\n\n<div class=\"wp-block-uagb-container uagb-block-2b7d4f5a\">\n<div class=\"wp-block-uagb-info-box uagb-block-736f4634 uagb-infobox__content-wrap  uagb-infobox-icon-above-title uagb-infobox-image-valign-top\"><div class=\"uagb-ifb-content\"><div class=\"uagb-ifb-title-wrap\"><h3 class=\"uagb-ifb-title\"><strong><strong>Prop\u00f3sito<\/strong><\/strong><\/h3><\/div><div class=\"uagb-ifb-separator\"><\/div><p class=\"uagb-ifb-desc\">El curso se ha dise\u00f1ado con el fin de que los participantes sean capaces de fortalecer las capacidades para otorgar soluciones a las necesidades de la ciudadan\u00eda a trav\u00e9s de potenciar la integraci\u00f3n tecnol\u00f3gica y la interoperabilidad de los datos como base del impulso digital y la evoluci\u00f3n hacia la gesti\u00f3n inteligente para alcanzar un desarrollo sustentable, equitativo e incluyente que posibilite el bienestar de todos en la sociedad<\/p><\/div><\/div>\n<\/div>\n<\/div>\n\n\n\n<div class=\"wp-block-uagb-container uagb-block-ae8a0360\">\n<div class=\"wp-block-uagb-image aligncenter uagb-block-ffc6a746 wp-block-uagb-image--layout-default wp-block-uagb-image--effect-static wp-block-uagb-image--align-center\"><figure class=\"wp-block-uagb-image__figure\"><img loading=\"lazy\" decoding=\"async\" srcset=\"https:\/\/mllfontindustria4.site\/wp-content\/uploads\/2023\/06\/blockchain-businessman-man-2853054-1024x456.jpg \" sizes=\"auto, (max-width: 480px) 150px\" src=\"https:\/\/mllfontindustria4.site\/wp-content\/uploads\/2023\/06\/blockchain-businessman-man-2853054-1024x456.jpg\" alt=\"blockchain, businessman, man-2853054.jpg\" class=\"uag-image-2210\" width=\"1024\" height=\"456\" title=\"\" loading=\"lazy\"\/><\/figure><\/div>\n<\/div>\n\n\n\n<div class=\"wp-block-uagb-container uagb-block-eed788bd\">\n<div class=\"wp-block-uagb-advanced-heading uagb-block-3ec6b63c\"><h2 class=\"uagb-heading-text\"><strong><strong>Gesti\u00f3n P\u00fablica Digital e I<\/strong>nteligente<\/strong><\/h2><\/div>\n<\/div>\n<\/div>\n\n\n\n<div class=\"wp-block-uagb-container uagb-block-fb2d3df4 alignwide uagb-is-root-container\">\n<div class=\"wp-block-uagb-container uagb-block-cd66e01f\">\n<div class=\"wp-block-uagb-advanced-heading uagb-block-db2c6378\"><h2 class=\"uagb-heading-text\">Objetivos<\/h2><\/div>\n<\/div>\n\n\n\n<div class=\"wp-block-uagb-container uagb-block-0cbf64a0\">\n<div class=\"wp-block-uagb-icon-list uagb-block-6ee9bae7\"><div class=\"uagb-icon-list__wrap\">\n<div class=\"wp-block-uagb-icon-list-child uagb-block-e1ed1845\"><span class=\"uagb-icon-list__source-wrap\"><svg xmlns=\"https:\/\/www.w3.org\/2000\/svg\" viewBox=\"0 0 576 512\"><path d=\"M144.3 32.04C106.9 31.29 63.7 41.44 18.6 61.29c-11.42 5.026-18.6 16.67-18.6 29.15l0 357.6c0 11.55 11.99 19.55 22.45 14.65c126.3-59.14 219.8 11 223.8 14.01C249.1 478.9 252.5 480 256 480c12.4 0 16-11.38 16-15.98V80.04c0-5.203-2.531-10.08-6.781-13.08C263.3 65.58 216.7 33.35 144.3 32.04zM557.4 61.29c-45.11-19.79-88.48-29.61-125.7-29.26c-72.44 1.312-118.1 33.55-120.9 34.92C306.5 69.96 304 74.83 304 80.04v383.1C304 468.4 307.5 480 320 480c3.484 0 6.938-1.125 9.781-3.328c3.925-3.018 97.44-73.16 223.8-14c10.46 4.896 22.45-3.105 22.45-14.65l.0001-357.6C575.1 77.97 568.8 66.31 557.4 61.29z\"><\/path><\/svg><\/span><span class=\"uagb-icon-list__label\">Conocer el contexto digital, cambios disruptivos e impactos en el modelo de la gesti\u00f3n p\u00fablica<\/span><\/div>\n\n\n\n<div class=\"wp-block-uagb-icon-list-child uagb-block-af5d46e8\"><span class=\"uagb-icon-list__source-wrap\"><svg xmlns=\"https:\/\/www.w3.org\/2000\/svg\" viewBox=\"0 0 512 512\"><path d=\"M240.1 4.216C249.1-1.405 262-1.405 271.9 4.216L443.6 102.4L447.1 104V104.9L495.9 132.2C508.5 139.4 514.6 154.2 510.9 168.2C507.2 182.2 494.5 192 479.1 192H31.1C17.49 192 4.795 182.2 1.071 168.2C-2.653 154.2 3.524 139.4 16.12 132.2L63.1 104.9V104L68.37 102.4L240.1 4.216zM64 224H128V416H168V224H232V416H280V224H344V416H384V224H448V420.3C448.6 420.6 449.2 420.1 449.8 421.4L497.8 453.4C509.5 461.2 514.7 475.8 510.6 489.3C506.5 502.8 494.1 512 480 512H32C17.9 512 5.46 502.8 1.373 489.3C-2.713 475.8 2.517 461.2 14.25 453.4L62.25 421.4C62.82 420.1 63.41 420.6 64 420.3V224z\"><\/path><\/svg><\/span><span class=\"uagb-icon-list__label\">Analizar el enfoque de gobernanza digital y su gesti\u00f3n operativa<\/span><\/div>\n\n\n\n<div class=\"wp-block-uagb-icon-list-child uagb-block-e97b3a0b\"><span class=\"uagb-icon-list__source-wrap\"><svg xmlns=\"https:\/\/www.w3.org\/2000\/svg\" viewBox=\"0 0 512 512\"><path d=\"M502.6 182.6l-45.25-45.25C451.4 131.4 443.3 128 434.8 128H384V80C384 53.5 362.5 32 336 32h-160C149.5 32 128 53.5 128 80V128H77.25c-8.5 0-16.62 3.375-22.62 9.375L9.375 182.6C3.375 188.6 0 196.8 0 205.3V304h128v-32C128 263.1 135.1 256 144 256h32C184.9 256 192 263.1 192 272v32h128v-32C320 263.1 327.1 256 336 256h32C376.9 256 384 263.1 384 272v32h128V205.3C512 196.8 508.6 188.6 502.6 182.6zM336 128h-160V80h160V128zM384 368c0 8.875-7.125 16-16 16h-32c-8.875 0-16-7.125-16-16v-32H192v32C192 376.9 184.9 384 176 384h-32C135.1 384 128 376.9 128 368v-32H0V448c0 17.62 14.38 32 32 32h448c17.62 0 32-14.38 32-32v-112h-128V368z\"><\/path><\/svg><\/span><span class=\"uagb-icon-list__label\">Examinar las caracter\u00edsticas del gobierno digital y el tr\u00e1nsito hacia la gesti\u00f3n inteligente<\/span><\/div>\n\n\n\n<div class=\"wp-block-uagb-icon-list-child uagb-block-aac0c954\"><span class=\"uagb-icon-list__source-wrap\"><svg xmlns=\"https:\/\/www.w3.org\/2000\/svg\" viewBox=\"0 0 640 512\"><path d=\"M592 0h-384C181.5 0 160 22.25 160 49.63V96c23.42 0 45.1 6.781 63.1 17.81V64h352v288h-64V304c0-8.838-7.164-16-16-16h-96c-8.836 0-16 7.162-16 16V352H287.3c22.07 16.48 39.54 38.5 50.76 64h253.9C618.5 416 640 393.8 640 366.4V49.63C640 22.25 618.5 0 592 0zM160 320c53.02 0 96-42.98 96-96c0-53.02-42.98-96-96-96C106.1 128 64 170.1 64 224C64 277 106.1 320 160 320zM192 352H128c-70.69 0-128 57.31-128 128c0 17.67 14.33 32 32 32h256c17.67 0 32-14.33 32-32C320 409.3 262.7 352 192 352z\"><\/path><\/svg><\/span><span class=\"uagb-icon-list__label\">Comprender el proceso de transformaci\u00f3n cultural y los factores determinantes para implementar iniciativas de gobierno inteligente<\/span><\/div>\n<\/div><\/div>\n<\/div>\n<\/div>\n\n\n\n<div class=\"wp-block-uagb-container uagb-block-bc307b3e alignwide uagb-is-root-container\">\n<div class=\"wp-block-uagb-info-box uagb-block-8d025c60 uagb-infobox__content-wrap  uagb-infobox-icon-above-title uagb-infobox-image-valign-top\"><div class=\"uagb-ifb-content\"><div class=\"uagb-ifb-icon-wrap\"><svg xmlns=\"https:\/\/www.w3.org\/2000\/svg\" viewBox=\"0 0 640 512\"><path d=\"M184 88C184 118.9 158.9 144 128 144C97.07 144 72 118.9 72 88C72 57.07 97.07 32 128 32C158.9 32 184 57.07 184 88zM208.4 196.3C178.7 222.7 160 261.2 160 304C160 338.3 171.1 369.8 192 394.5V416C192 433.7 177.7 448 160 448H96C78.33 448 64 433.7 64 416V389.2C26.16 371.2 0 332.7 0 288C0 226.1 50.14 176 112 176H144C167.1 176 190.2 183.5 208.4 196.3V196.3zM64 245.7C54.04 256.9 48 271.8 48 288C48 304.2 54.04 319.1 64 330.3V245.7zM448 416V394.5C468 369.8 480 338.3 480 304C480 261.2 461.3 222.7 431.6 196.3C449.8 183.5 472 176 496 176H528C589.9 176 640 226.1 640 288C640 332.7 613.8 371.2 576 389.2V416C576 433.7 561.7 448 544 448H480C462.3 448 448 433.7 448 416zM576 330.3C585.1 319.1 592 304.2 592 288C592 271.8 585.1 256.9 576 245.7V330.3zM568 88C568 118.9 542.9 144 512 144C481.1 144 456 118.9 456 88C456 57.07 481.1 32 512 32C542.9 32 568 57.07 568 88zM256 96C256 60.65 284.7 32 320 32C355.3 32 384 60.65 384 96C384 131.3 355.3 160 320 160C284.7 160 256 131.3 256 96zM448 304C448 348.7 421.8 387.2 384 405.2V448C384 465.7 369.7 480 352 480H288C270.3 480 256 465.7 256 448V405.2C218.2 387.2 192 348.7 192 304C192 242.1 242.1 192 304 192H336C397.9 192 448 242.1 448 304zM256 346.3V261.7C246 272.9 240 287.8 240 304C240 320.2 246 335.1 256 346.3zM384 261.7V346.3C393.1 335 400 320.2 400 304C400 287.8 393.1 272.9 384 261.7z\"><\/path><\/svg><\/div><div class=\"uagb-ifb-title-wrap\"><h3 class=\"uagb-ifb-title\">P\u00fablico objetivo<\/h3><\/div><p class=\"uagb-ifb-desc\">Profesionales, t\u00e9cnicos, gestores y funcionarios implicados en programas de modernizaci\u00f3n de la gesti\u00f3n p\u00fablica en el marco de trabajo de los gobiernos digitales e inteligentes<\/p><\/div><\/div>\n<\/div>\n\n\n\n<div class=\"wp-block-uagb-container uagb-block-91453165 alignwide uagb-is-root-container\">\n<div class=\"wp-block-uagb-container uagb-block-db7235b9\">\n<div class=\"wp-block-uagb-advanced-heading uagb-block-6726f189\"><h2 class=\"uagb-heading-text\">Contenidos del Curso<\/h2><\/div>\n<\/div>\n\n\n\n<div class=\"wp-block-uagb-container uagb-block-d1a19590\">\n<div class=\"wp-block-uagb-tabs uagb-block-9b09a0e6 uagb-tabs__wrap uagb-tabs__vstyle6-desktop uagb-tabs__vstyle6-tablet uagb-tabs__stack1-mobile\" data-tab-active=\"0\"><ul class=\"uagb-tabs__panel uagb-tabs__align-left\" role=\"tablist\"><li class=\"uagb-tab uagb-tabs__active\" role=\"none\"><a href=\"#uagb-tabs__tab0\" class=\"uagb-tabs-list uagb-tabs__icon-position-left\" data-tab=\"0\" role=\"tab\">M\u00f3dulo 1<\/a><\/li><li class=\"uagb-tab \" role=\"none\"><a href=\"#uagb-tabs__tab1\" class=\"uagb-tabs-list uagb-tabs__icon-position-left\" data-tab=\"1\" role=\"tab\">M\u00f3dulo 2<\/a><\/li><li class=\"uagb-tab \" role=\"none\"><a href=\"#uagb-tabs__tab2\" class=\"uagb-tabs-list uagb-tabs__icon-position-left\" data-tab=\"2\" role=\"tab\">M\u00f3dulo 3<\/a><\/li><li class=\"uagb-tab \" role=\"none\"><a href=\"#uagb-tabs__tab3\" class=\"uagb-tabs-list uagb-tabs__icon-position-left\" data-tab=\"3\" role=\"tab\">M\u00f3dulo 4<\/a><\/li><\/ul><div class=\"uagb-tabs__body-wrap\">\n<div class=\"wp-block-uagb-tabs-child uagb-tabs__body-container uagb-inner-tab-0\" aria-labelledby=\"uagb-tabs__tab0\">\n<div class=\"wp-block-uagb-advanced-heading uagb-block-2a5c5fc9\"><h3 class=\"uagb-heading-text\">Cuarta revoluci\u00f3n industrial y gesti\u00f3n p\u00fablica<\/h3><\/div>\n\n\n\n<ul class=\"wp-block-list\">\n<li>Contexto digital actual. Requisitos digitales de la ciudadan\u00eda<\/li>\n\n\n\n<li>Principios y derechos en contextos digitales<\/li>\n\n\n\n<li>Factores claves&nbsp; para avanzar hacia la 4Ri<\/li>\n<\/ul>\n<\/div>\n\n\n\n<div class=\"wp-block-uagb-tabs-child uagb-tabs__body-container uagb-inner-tab-1\" aria-labelledby=\"uagb-tabs__tab1\">\n<div class=\"wp-block-uagb-advanced-heading uagb-block-0cc30a63\"><h3 class=\"uagb-heading-text\"><strong>Gobernanza digital y gesti\u00f3n operativa<\/strong><\/h3><\/div>\n\n\n\n<ul class=\"wp-block-list\">\n<li>Qu\u00e9 se entiende por gobernanza y gobernanza digital<\/li>\n\n\n\n<li>Modelo y atributos de la gobernanza digital<\/li>\n\n\n\n<li>Gesti\u00f3n operativa de la demanda, arquitectura, portafolio y operaci\u00f3n<\/li>\n<\/ul>\n<\/div>\n\n\n\n<div class=\"wp-block-uagb-tabs-child uagb-tabs__body-container uagb-inner-tab-2\" aria-labelledby=\"uagb-tabs__tab2\">\n<div class=\"wp-block-uagb-advanced-heading uagb-block-799c7c2b\"><h3 class=\"uagb-heading-text\"><strong>Gobierno digital<\/strong><\/h3><\/div>\n\n\n\n<ul class=\"wp-block-list\">\n<li>\u00bfQu\u00e9 se entiende por gobierno digital? Dimensiones<\/li>\n\n\n\n<li>Habilitantes para el tr\u00e1nsito hacia la gesti\u00f3n p\u00fablica inteligente y transformadora<\/li>\n<\/ul>\n<\/div>\n\n\n\n<div class=\"wp-block-uagb-tabs-child uagb-tabs__body-container uagb-inner-tab-3\" aria-labelledby=\"uagb-tabs__tab3\">\n<div class=\"wp-block-uagb-advanced-heading uagb-block-94d660e9\"><h3 class=\"uagb-heading-text\"><strong>Gobierno inteligente<\/strong><\/h3><\/div>\n\n\n\n<ul class=\"wp-block-list\">\n<li>\u00bfQu\u00e9 es un gobierno inteligente?<\/li>\n\n\n\n<li>Transformaci\u00f3n cultural para un gobierno inteligente<\/li>\n\n\n\n<li>Factores institucionales, organizacionales, estrategia y liderazgo para implementar iniciativas de gobierno inteligente<\/li>\n\n\n\n<li>Iniciativas de gobierno inteligente<\/li>\n<\/ul>\n<\/div>\n<\/div><\/div>\n<\/div>\n<\/div>\n\n\n\n<div class=\"wp-block-uagb-container uagb-block-2b37c490 alignwide uagb-is-root-container\">\n<div class=\"wp-block-uagb-container uagb-block-c5ae8d17\">\n<div class=\"wp-block-uagb-advanced-heading uagb-block-eeb8f835\"><h2 class=\"uagb-heading-text\">Equipo Docente<\/h2><\/div>\n<\/div>\n\n\n\n<div class=\"wp-block-uagb-container uagb-block-bff1d470\">\n<div class=\"wp-block-uagb-container uagb-block-c50d71e3\">\n<div class=\"wp-block-uagb-team uagb-team__image-position-above uagb-team__align-center uagb-team__stack-tablet uagb-block-b1517c64\"><div class=\"uagb-team__content\"><img loading=\"lazy\" decoding=\"async\" class=\"uagb-team__image-crop-circle\" src=\"https:\/\/mllfontindustria4.site\/wp-content\/uploads\/2023\/03\/Migue-e1677789497604-150x150.jpg\" alt=\"\" height=\"100\" width=\"100\" loading=\"lazy\"\/><h3 class=\"uagb-team__title\">Miguel \u00c1ngel Su\u00e1rez Ben\u00edtez <\/h3><span class=\"uagb-team__prefix\"><\/span><p class=\"uagb-team__desc\">M\u00e1ster en Gerencia de la Ciencia y la Innovaci\u00f3n. Profesor adjunto de la Facultad de Ingenier\u00eda Inform\u00e1tica (Universidad de Holgu\u00edn Cuba). Licenciado en Ciencias de la computaci\u00f3n (Universidad de Oriente, Santiago de Cuba). Especialista en an\u00e1lisis y desarrollo de plataformas tecnol\u00f3gicas e inteligencia del negocio. Realiza investigaciones en el tema de Gobernanza TI e interoperabilidad en instituciones de la administraci\u00f3n p\u00fablica y sector empresarial<\/p><ul class=\"uagb-team__social-list\"><li class=\"uagb-team__social-icon\"><a href=\"https:\/\/www.linkedin.com\/in\/miguel-angel-su%C3%A1rez-ben%C3%ADtez-3ba60a119\/\" aria-label=\"linkedin\" target=\"_self\" title=\"\" rel=\"noopener noreferrer\"><svg xmlns=\"https:\/\/www.w3.org\/2000\/svg\" viewBox=\"0 0 448 512\"><path d=\"M416 32H31.9C14.3 32 0 46.5 0 64.3v383.4C0 465.5 14.3 480 31.9 480H416c17.6 0 32-14.5 32-32.3V64.3c0-17.8-14.4-32.3-32-32.3zM135.4 416H69V202.2h66.5V416zm-33.2-243c-21.3 0-38.5-17.3-38.5-38.5S80.9 96 102.2 96c21.2 0 38.5 17.3 38.5 38.5 0 21.3-17.2 38.5-38.5 38.5zm282.1 243h-66.4V312c0-24.8-.5-56.7-34.5-56.7-34.6 0-39.9 27-39.9 54.9V416h-66.4V202.2h63.7v29.2h.9c8.9-16.8 30.6-34.5 62.9-34.5 67.2 0 79.7 44.3 79.7 101.9V416z\"><\/path><\/svg><\/a><\/li><\/ul><\/div><\/div>\n<\/div>\n\n\n\n<div class=\"wp-block-uagb-container uagb-block-0abb9af1\">\n<div class=\"wp-block-uagb-team uagb-team__image-position-above uagb-team__align-center uagb-team__stack-tablet uagb-block-031e69f5\"><div class=\"uagb-team__content\"><img loading=\"lazy\" decoding=\"async\" class=\"uagb-team__image-crop-circle\" src=\"https:\/\/mllfontindustria4.site\/wp-content\/uploads\/2023\/03\/WhatsApp-Image-2023-03-30-at-4.20.46-PM-150x150.jpeg\" alt=\"\" height=\"100\" width=\"100\" loading=\"lazy\"\/><h3 class=\"uagb-team__title\">Mariluz Llanes Font<\/h3><span class=\"uagb-team__prefix\"><\/span><p class=\"uagb-team__desc\">Profesora titular e investigadora de la Facultad de Ingenier\u00eda Industrial. Universidad de <br>Holgu\u00edn- Rep\u00fablica de Cuba. Ingeniera Industrial. M\u00e1ster en Calidad y Dra. C T\u00e9cnicas. Desarrolla<br>investigaciones en las tem\u00e1ticas de la cuarta revoluci\u00f3n industrial y transformaci\u00f3n digital de la administraci\u00f3n p\u00fablica en ALC en colaboraci\u00f3n con profesionales de la Universidad de Panam\u00e1 y el\u00a0 Centro de Investigaciones Cient\u00edficas, Sociales y Tecnol\u00f3gicas del Per\u00fa<\/p><ul class=\"uagb-team__social-list\"><li class=\"uagb-team__social-icon\"><a href=\"https:\/\/www.linkedin.com\/in\/mariluz-llanes-a44a56220\/\" aria-label=\"linkedin\" target=\"_self\" title=\"\" rel=\"noopener noreferrer\"><svg xmlns=\"https:\/\/www.w3.org\/2000\/svg\" viewBox=\"0 0 448 512\"><path d=\"M416 32H31.9C14.3 32 0 46.5 0 64.3v383.4C0 465.5 14.3 480 31.9 480H416c17.6 0 32-14.5 32-32.3V64.3c0-17.8-14.4-32.3-32-32.3zM135.4 416H69V202.2h66.5V416zm-33.2-243c-21.3 0-38.5-17.3-38.5-38.5S80.9 96 102.2 96c21.2 0 38.5 17.3 38.5 38.5 0 21.3-17.2 38.5-38.5 38.5zm282.1 243h-66.4V312c0-24.8-.5-56.7-34.5-56.7-34.6 0-39.9 27-39.9 54.9V416h-66.4V202.2h63.7v29.2h.9c8.9-16.8 30.6-34.5 62.9-34.5 67.2 0 79.7 44.3 79.7 101.9V416z\"><\/path><\/svg><\/a><\/li><\/ul><\/div><\/div>\n<\/div>\n\n\n\n<div class=\"wp-block-uagb-container uagb-block-be14cd70\">\n<div class=\"wp-block-uagb-team uagb-team__image-position-above uagb-team__align-center uagb-team__stack-tablet uagb-block-ba6bc040\"><div class=\"uagb-team__content\"><img loading=\"lazy\" decoding=\"async\" class=\"uagb-team__image-crop-circle\" src=\"https:\/\/mllfontindustria4.site\/wp-content\/uploads\/2023\/03\/WhatsApp-Image-2023-03-30-at-4.10.57-PM-150x150.jpeg\" alt=\"\" height=\"100\" width=\"100\" loading=\"lazy\"\/><h3 class=\"uagb-team__title\">Germ\u00e1n Andr\u00e9s S\u00e1nchez Orteg\u00f3n<\/h3><span class=\"uagb-team__prefix\"><\/span><p class=\"uagb-team__desc\">M\u00e1ster en Administraci\u00f3n de Empresas en Universidad Nacional de Colombia. Especialista en <br>Sistema de Gesti\u00f3n de la Calidad y Seguridad de la Informaci\u00f3n. Cofundador de la Empresa de<br>Servicios de Asesor\u00eda y Consultor\u00eda Estrat\u00e9gica \u2013 ESCAE y SE2 \u2013 Servicios Estrat\u00e9gicos Empresariales de Honduras. Experiencia en la obtenci\u00f3n de certificaciones de empresas por organismos nacionales e internacionales de evaluaci\u00f3n de la conformidad. Habilidades de <br>liderazgo estrat\u00e9gico en sector privado y publico<\/p><ul class=\"uagb-team__social-list\"><\/ul><\/div><\/div>\n<\/div>\n<\/div>\n<\/div>\n\n\n\n<div class=\"wp-block-uagb-container uagb-block-e4000104 alignwide uagb-is-root-container\">\n<div class=\"wp-block-uagb-container uagb-block-e37740a8\">\n<div class=\"wp-block-uagb-advanced-heading uagb-block-5529a130\"><h2 class=\"uagb-heading-text\">Metodolog\u00eda<\/h2><\/div>\n<\/div>\n\n\n\n<div class=\"wp-block-uagb-container uagb-block-00447079\">\n<div class=\"wp-block-uagb-advanced-heading uagb-block-709a5fc7\"><h3 class=\"uagb-heading-text\">Formaci\u00f3n<\/h3><\/div>\n\n\n\n<div class=\"wp-block-uagb-container uagb-block-8334f022\">\n<p>Se basa en m\u00e9todos de formaci\u00f3n activa. Los participantes tendr\u00e1n la oportunidad de analizar los diferentes criterios que integran la gesti\u00f3n p\u00fablica digital e inteligente a trav\u00e9s de mapas mentales, conceptuales, infograf\u00edas, videos y otras t\u00e9cnicas de integraci\u00f3n del conocimiento<\/p>\n<\/div>\n<\/div>\n\n\n\n<div class=\"wp-block-uagb-container uagb-block-fa8db2f1\">\n<div class=\"wp-block-uagb-advanced-heading uagb-block-471a4158\"><h3 class=\"uagb-heading-text\">Evaluaci\u00f3n<\/h3><\/div>\n\n\n\n<div class=\"wp-block-uagb-container uagb-block-172af669\">\n<p>La evaluaci\u00f3n final consiste en presentar una propuesta inicial de la arquitectura tecnol\u00f3gica de su organizaci\u00f3n a partir del entrenamiento que recibir\u00e1n en el workshops previsto en el tercer m\u00f3dulo<\/p>\n<\/div>\n<\/div>\n\n\n\n<div class=\"wp-block-uagb-container uagb-block-56c0fc26\">\n<div class=\"wp-block-uagb-container uagb-block-17a757d1\">\n<div class=\"wp-block-uagb-info-box uagb-block-030e5331 uagb-infobox__content-wrap  uagb-infobox-icon-above-title uagb-infobox-image-valign-top\"><div class=\"uagb-ifb-content\"><div class=\"uagb-ifb-image-content\"><img decoding=\"async\" src=\"https:\/\/mllfontindustria4.site\/wp-content\/uploads\/2023\/06\/Certificado-1-150x150.png\" alt=\"\" width=\"\" height=\"0\" loading=\"lazy\"\/><\/div><div class=\"uagb-ifb-title-wrap\"><h3 class=\"uagb-ifb-title\">Certificaci\u00f3n <\/h3><\/div><p class=\"uagb-ifb-desc\">Los participantes que cumplan con los requisitos de la evaluaci\u00f3n recibir\u00e1n un Diploma (en formato digital) extendido por ESCAE y la Universidad de Holgu\u00edn de Cuba.<\/p><\/div><\/div>\n<\/div>\n<\/div>\n<\/div>\n","protected":false},"excerpt":{"rendered":"<p>Gesti\u00f3n P\u00fablica Digital e Inteligente Objetivos Contenidos del Curso Equipo Docente Metodolog\u00eda Formaci\u00f3n Se basa en m\u00e9todos de formaci\u00f3n activa. Los participantes tendr\u00e1n la oportunidad de analizar los diferentes criterios que integran la gesti\u00f3n p\u00fablica digital e inteligente a trav\u00e9s de mapas mentales, conceptuales, infograf\u00edas, videos y otras t\u00e9cnicas de integraci\u00f3n del conocimiento Evaluaci\u00f3n La [&hellip;]<\/p>\n","protected":false},"author":1,"featured_media":0,"parent":0,"menu_order":0,"comment_status":"closed","ping_status":"closed","template":"","meta":{"om_disable_all_campaigns":false,"_uag_custom_page_level_css":"","_monsterinsights_skip_tracking":false,"_monsterinsights_sitenote_active":false,"_monsterinsights_sitenote_note":"","_monsterinsights_sitenote_category":0,"site-sidebar-layout":"default","site-content-layout":"","ast-site-content-layout":"default","site-content-style":"default","site-sidebar-style":"default","ast-global-header-display":"","ast-banner-title-visibility":"","ast-main-header-display":"","ast-hfb-above-header-display":"","ast-hfb-below-header-display":"","ast-hfb-mobile-header-display":"","site-post-title":"","ast-breadcrumbs-content":"","ast-featured-img":"","footer-sml-layout":"","theme-transparent-header-meta":"","adv-header-id-meta":"","stick-header-meta":"","header-above-stick-meta":"","header-main-stick-meta":"","header-below-stick-meta":"","astra-migrate-meta-layouts":"default","ast-page-background-enabled":"default","ast-page-background-meta":{"desktop":{"background-color":"","background-image":"","background-repeat":"repeat","background-position":"center center","background-size":"auto","background-attachment":"scroll","background-type":"","background-media":"","overlay-type":"","overlay-color":"","overlay-opacity":"","overlay-gradient":""},"tablet":{"background-color":"","background-image":"","background-repeat":"repeat","background-position":"center center","background-size":"auto","background-attachment":"scroll","background-type":"","background-media":"","overlay-type":"","overlay-color":"","overlay-opacity":"","overlay-gradient":""},"mobile":{"background-color":"","background-image":"","background-repeat":"repeat","background-position":"center center","background-size":"auto","background-attachment":"scroll","background-type":"","background-media":"","overlay-type":"","overlay-color":"","overlay-opacity":"","overlay-gradient":""}},"ast-content-background-meta":{"desktop":{"background-color":"var(--ast-global-color-5)","background-image":"","background-repeat":"repeat","background-position":"center center","background-size":"auto","background-attachment":"scroll","background-type":"","background-media":"","overlay-type":"","overlay-color":"","overlay-opacity":"","overlay-gradient":""},"tablet":{"background-color":"var(--ast-global-color-5)","background-image":"","background-repeat":"repeat","background-position":"center center","background-size":"auto","background-attachment":"scroll","background-type":"","background-media":"","overlay-type":"","overlay-color":"","overlay-opacity":"","overlay-gradient":""},"mobile":{"background-color":"var(--ast-global-color-5)","background-image":"","background-repeat":"repeat","background-position":"center center","background-size":"auto","background-attachment":"scroll","background-type":"","background-media":"","overlay-type":"","overlay-color":"","overlay-opacity":"","overlay-gradient":""}},"footnotes":""},"class_list":["post-2209","page","type-page","status-publish","hentry"],"aioseo_notices":[],"uagb_featured_image_src":{"full":false,"thumbnail":false,"medium":false,"medium_large":false,"large":false,"1536x1536":false,"2048x2048":false},"uagb_author_info":{"display_name":"Jos\u00e9 Antonio Lorenzo Llanes","author_link":"https:\/\/mllfontindustria4.site\/index.php\/author\/lorenzollanesjgmai-com\/"},"uagb_comment_info":0,"uagb_excerpt":"Gesti\u00f3n P\u00fablica Digital e Inteligente Objetivos Contenidos del Curso Equipo Docente Metodolog\u00eda Formaci\u00f3n Se basa en m\u00e9todos de formaci\u00f3n activa. Los participantes tendr\u00e1n la oportunidad de analizar los diferentes criterios que integran la gesti\u00f3n p\u00fablica digital e inteligente a trav\u00e9s de mapas mentales, conceptuales, infograf\u00edas, videos y otras t\u00e9cnicas de integraci\u00f3n del conocimiento Evaluaci\u00f3n La&hellip;","_links":{"self":[{"href":"https:\/\/mllfontindustria4.site\/index.php\/wp-json\/wp\/v2\/pages\/2209","targetHints":{"allow":["GET"]}}],"collection":[{"href":"https:\/\/mllfontindustria4.site\/index.php\/wp-json\/wp\/v2\/pages"}],"about":[{"href":"https:\/\/mllfontindustria4.site\/index.php\/wp-json\/wp\/v2\/types\/page"}],"author":[{"embeddable":true,"href":"https:\/\/mllfontindustria4.site\/index.php\/wp-json\/wp\/v2\/users\/1"}],"replies":[{"embeddable":true,"href":"https:\/\/mllfontindustria4.site\/index.php\/wp-json\/wp\/v2\/comments?post=2209"}],"version-history":[{"count":12,"href":"https:\/\/mllfontindustria4.site\/index.php\/wp-json\/wp\/v2\/pages\/2209\/revisions"}],"predecessor-version":[{"id":2241,"href":"https:\/\/mllfontindustria4.site\/index.php\/wp-json\/wp\/v2\/pages\/2209\/revisions\/2241"}],"wp:attachment":[{"href":"https:\/\/mllfontindustria4.site\/index.php\/wp-json\/wp\/v2\/media?parent=2209"}],"curies":[{"name":"wp","href":"https:\/\/api.w.org\/{rel}","templated":true}]}}